thousands digit of 1782762256?
2
What is the millions digit of 162518101?
2
What is the hundred millions digit of 1367261655?
3
What is the ten thousands digit of 776279151?
7
What is the millions digit of 75351572?
5
What is the ten millions digit of 144872964?
4
What is the units digit of 3374354?
4
What is the tens digit of 721445473?
7
What is the hundred thousands digit of 1204381521?
3
What is the hundred millions digit of 476710337?
4
What is the millions digit of 162554725?
2
What is the tens digit of 216796680?
8
What is the millions digit of 2396254976?
6
What is the hundreds digit of 111002176?
1
What is the millions digit of 57979908?
7
What is the hundred thousands digit of 834039702?
0
What is the ten millions digit of 34932465?
3
What is the millions digit of 203141589?
3
What is the hundred thousands digit of 925263?
9
What is the millions digit of 151099190?
1
What is the units digit of 50241943?
3
What is the hundred millions digit of 266398957?
2
What is the hundred thousands digit of 856321545?
3
What is the hundreds digit of 5404552137?
1
What is the tens digit of 222974640?
4
What is the millions digit of 3076588459?
6
What is the hundreds digit of 3116445606?
6
What is the ten millions digit of 22536879?
2
What is the thousands digit of 2686845?
6
What is the hundred millions digit of 234818744?
2
What is the thousands digit of 9189260?
9
What is the thousands digit of 665544?
5
What is the hundred thousands digit of 25926548?
9
What is the ten millions digit of 3676389585?
7
What is the ten thousands digit of 1254632958?
3
What is the tens digit of 118562013?
1
What is the tens digit of 963904393?
9
What is the units digit of 19124026?
6
What is the millions digit of 1251909760?
1
What is the hundred millions digit of 386440357?
3
What is the tens digit of 56763679?
7
What is the hundred thousands digit of 3252818963?
8
What is the millions digit of 32758493?
2
What is the hundreds digit of 29144442?
4
What is the hundred thousands digit of 51297329?
2
What is the tens digit of 981638673?
7
What is the hundreds digit of 210292938?
9
What is the millions digit of 151373207?
1
What is the hundred millions digit of 496445211?
4
What is the hundreds digit of 861021702?
7
What is the thousands digit of 1642728988?
8
What is the tens digit of 46680287?
8
What is the hundred thousands digit of 160030980?
0
What is the hundred thousands digit of 89697221?
6
What is the ten thousands digit of 95844812?
4
What is the ten thousands digit of 481360383?
6
What is the hundred thousands digit of 3095091177?
0
What is the units digit of 1029683477?
7
What is the tens digit of 1665425529?
2
What is the tens digit of 61155020?
2
What is the ten millions digit of 88950280?
8
What is the tens digit of 2720893691?
9
What is the ten thousands digit of 29203141?
0
What is the hundreds digit of 550367253?
2
What is the ten millions digit of 670402792?
7
What is the hundred thousands digit of 238293900?
2
What is the tens digit of 3696129307?
0
What is the hundreds digit of 133269153?
1
What is the ten thousands digit of 126693238?
9
What is the ten millions digit of 934122265?
3
What is the hundreds digit of 813706072?
0
What is the hundreds digit of 1883989934?
9
What is the tens digit of 34591460?
6
What is the hundreds digit of 13884251?
2
What is the ten thousands digit of 111681457?
8
What is the millions digit of 223290437?
3
What is the hundred thousands digit of 238588498?
5
What is the units digit of 598986428?
8
What is the millions digit of 13991522?
3
What is the units digit of 885117214?
4
What is the hundreds digit of 443709163?
1
What is the tens digit of 1200262704?
0
What is the hundreds digit of 541749063?
0
What is the ten millions digit of 114967592?
1
What is the thousands digit of 80027816?
7
What is the units digit of 4735942?
2
What is the tens digit of 121014447?
4
What is the ten thousands digit of 682854443?
5
What is the ten thousands digit of 15706409?
0
What is the hundred thousands digit of 8207483?
2
What is the hundreds digit of 639653645?
6
What is the tens digit of 91449697?
9
What is the hundred thousands digit of 1208437811?
4
What is the units digit of 3178154?
4
What is the hundreds digit of 428413112?
1
What is the ten millions digit of 68926723?
6
What is the millions digit of 282713709?
2
What is the hundreds digit of 58596533?
5
What is the ten thousands digit of 60539334?
3
What is the tens digit of 298297892?
9
What is the billions digit of 7192645346?
7
What is the ten thousands digit of 3203552?
0
What is the hundred millions digit of 275942938?
2
What is the ten thousands digit of 10768800?
6
What is the tens digit of 8079807?
0
What is the billions digit of 2934921178?
2
What is the hundred millions digit of 394427686?
3
What is the billions digit of 2207628478?
2
What is the units digit of 591015771?
1
What is the thousands digit of 33930574?
0
What is the millions digit of 1704764475?
4
What is the ten millions digit of 451370014?
5
What is the hundreds digit of 3542924410?
4
What is the tens digit of 3087964314?
1
What is the units digit of 475271689?
9
What is the hundreds digit of 19040417?
4
What is the ten thousands digit of 11943282?
4
What is the units digit of 369130090?
0
What is the millions digit of 1364398906?
4
What is the ten millions digit of 18025979?
1
What is the millions digit of 5298607857?
8
What is the units digit of 4192335851?
1
What is the thousands digit of 26690145?
0
What is the hundred thousands digit of 131444279?
4
What is the hundred millions digit of 149632217?
1
What is the ten thousands digit of 102235344?
3
What is the ten millions digit of 359782599?
5
What is the units digit of 8516255?
5
What is the hundreds digit of 2930643359?
3
What is the thousands digit of 474814440?
4
What is the units digit of 2138683596?
6
What is the tens digit of 9364708224?
2
What is the hundreds digit of 1273562667?
6
What is the units digit of 83743693?
3
What is the hundred thousands digit of 441603840?
6
What is the units digit of 589682702?
2
What is the hundred thousands digit of 60700330?
7
What is the ten thousands digit of 97471709?
7
What is the ten millions digit of 434995484?
3
What is the tens digit of 8765611?
1
What is the ten millions digit of 29501002?
2
What is the hundred thousands digit of 105692182?
6
What is the hundred millions digit of 1728020744?
7
What is the ten thousands digit of 4663863?
6
What is the ten thousands digit of 128713178?
1
What is the ten millions digit of 188404555?
8
What is the ten thousands digit of 73417260?
1
What is the thousands digit of 26931107?
1
What is the tens digit of 113852576?
7
What is the hundreds digit of 1647173386?
3
What is the ten millions digit of 871904305?
7
What is the hundreds digit of 1293496260?
2
What is the billions digit of 4800852576?
4
What is the tens digit of 6086119891?
9
What is the millions digit of 594182582?
4
What is the hundred thousands digit of 205209667?
2
What is the hundred millions digit of 368453488?
3
What is the units digit of 492431172?
2
What is the units digit of 1404987132?
2
What is the ten thousands digit of 598923409?
2
What is the hundreds digit of 1113967661?
6
What is the hundred thousands digit of 419289139?
2
What is the hundreds digit of 4960908534?
5
What is the millions digit of 1246322382?
6
What is the millions digit of 546946422?
6
What is the millions digit of 42264515?
2
What is the units digit of 67996619?
9
What is the thousands digit of 2488859599?
9
What is the billions digit of 1477381096?
1
What is the tens digit of 902541046?
4
What is the millions digit of 4313182310?
3
What is the ten millions digit of 98648991?
9
What is the millions digit of 51949667?
1
What is the hundred thousands digit of 284887246?
8
What is the hundred millions digit of 1656353709?
6
What is the tens digit of 516358137?
3
What is the tens digit of 59080295?
9
What is the hundreds digit of 85448807?
8
What is the tens digit of 112300045?
4
What is the units digit of 88646837?
7
What is the millions digit of 234616486?
4
What is the ten thousands digit of 66172484?
7
What is the millions digit of 1181464650?
1
What is the hundreds digit of 380974555?
5
What is the ten thousands